-1888645
Convert 1101100010111101100 (base 2) to base 16.
6c5ec
Convert -2271673 (base 11) to base 6.
-221030532
What is -2056534 (base 8) in base 6?
-15425524
-111103103010 (base 4) to base 15
-754813
-2eab5 (base 15) to base 2
-100100110110001000
Convert 5aa597 (base 16) to base 7.
101331424
-1002100010100 (base 3) to base 5
-121434313
12441342234 (base 5) to base 11
8878553
What is -2735651 (base 8) in base 7?
-6351541
-15215533 (base 6) to base 5
-114000340
Convert 239222 (base 10) to base 12.
b6532
-3101343 (base 5) to base 2
-1100010000101111
Convert 504542 (base 9) to base 7.
2352365
155300204 (base 6) to base 2
1100101110011100101100
What is -1261242 (base 7) in base 2?
-101000100011111100
11022022122122 (base 3) to base 9
4268578
Convert -49a853 (base 11) to base 2.
-11000000111100100101
-31240022 (base 5) to base 7
-2125260
Convert 7116775 (base 8) to base 7.
21640536
-812b7 (base 13) to base 16
-38705
Convert 11b59a2 (base 12) to base 10.
3472970
Convert -557286 (base 9) to base 10.
-333393
102404413 (base 5) to base 14
b4743
-10663331 (base 7) to base 11
-592256
What is 25561115 (base 7) in base 6?
122010212
What is 1135015 (base 7) in base 2?
100011000000011010
Convert -19252 (base 11) to base 14.
-9b4b
What is -5155040 (base 8) in base 5?
-322212220
What is -137045 (base 10) in base 7?
-1110356
Convert 1888116 (base 9) to base 8.
4032551
What is -221d9 (base 16) in base 3?
-21002200110
a80072 (base 12) to base 9
4885005
-11011101011101101 (base 2) to base 5
-12112024
-10010010010000110000 (base 2) to base 10
-599088
Convert -2781a (base 11) to base 4.
-21222210
What is 2204342004 (base 5) in base 15?
641004
What is -3120234 (base 9) in base 3?
-10010200021011
1000101110010111 (base 2) to base 7
206120
What is -7792780 (base 11) in base 10?
-13663650
8113ab (base 14) to base 15
5ac3cb
What is -124733 (base 13) in base 11?
-27a441
Convert 13d993 (base 14) to base 3.
1022002101011
What is -41ec5 (base 15) in base 5?
-23143320
-144997 (base 14) to base 10
-704361
Convert -1232364 (base 10) to base 13.
-341c13
13241010 (base 5) to base 9
223575
274529 (base 10) to base 13
97c58
-21400032 (base 5) to base 10
-184392
Convert -24aa55 (base 15) to base 9.
-3267538
What is 111001100101001001 (base 2) in base 10?
235849
What is 127503 (base 12) in base 15?
5ec33
194891 (base 16) to base 15
22ae52
-182100 (base 9) to base 2
-11011100110110100
102202100111 (base 3) to base 15
48834
Convert 202120011012 (base 3) to base 5.
100422313
What is 643560 (base 8) in base 16?
34770
14a28a (base 11) to base 7
1661034
Convert 6176653 (base 8) to base 13.
45461b
Convert -7d0f2 (base 16) to base 5.
-112342432
-12242640 (base 9) to base 14
-b1da45
-191a2 (base 15) to base 10
-81377
Convert 2443222 (base 5) to base 10.
46687
What is 1484d (base 15) in base 7?
363262
-95de9 (base 15) to base 11
-2a53a4
21340424 (base 5) to base 9
310183
What is -1855439 (base 10) in base 5?
-433333224
What is -4332000 (base 7) in base 9?
-885463
What is 355201422 (base 6) in base 2?
11001100000101111110110
Convert -36b15 (base 13) to base 2.
-11000100110000110
What is -10001110100111111000000 (base 2) in base 16?
-474fc0
Convert -574ad (base 14) to base 11.
-1354a2
Convert -4120003 (base 5) to base 12.
-32852
What is -118069 (base 10) in base 11?
-80786
What is a472b (base 12) in base 6?
4340455
-272224 (base 13) to base 9
-1703367
Convert 433444 (base 11) to base 15.
da36c
What is -11111101001100100101 (base 2) in base 11?
-649202
What is 51ab26 (base 15) in base 3?
21022022112000
-41441626 (base 7) to base 6
-202442114
Convert -103203102 (base 4) to base 5.
-10030312
What is -2134402 (base 5) in base 14?
-d604
Convert 10aa850 (base 15) to base 7.
203265426
What is 1c95a6d (base 14) in base 9?
28883507
What is -366218 (base 9) in base 15?
-4577b
-110100101001011100 (base 2) to base 4
-310221130
Convert 12fc8 (base 16) to base 15.
18098
Convert 10451454 (base 6) to base 4.
1031213122
Convert 87764 (base 16) to base 6.
15520432
What is 1100101000011000000 (base 2) in base 3?
210000202012
-415464 (base 8) to base 10
-138036
Convert -228693 (base 12) to base 3.
-1001010212010
What is 121013141 (base 5) in base 9?
1048032
Convert -306081 (base 9) to base 8.
-542532
What is 1001001101000101 (base 2) in base 8?
111505
124095 (base 10) to base 11
85264
What is -305613 (base 12) in base 10?
-756015
Convert 1436c (base 15) to base 3.
10022000210
What is 2d0986 (base 16) in base 4?
23100212012
Convert -115240 (base 13) to base 8.
-1443135
-9b001 (base 13) to base 6
-10005533
Convert -298176 (base 10) to base 14.
-7a944
Convert -11010480 (base 9) to base 14.
-9c73b9
What is 20226120 (base 7) in base 6?
100101023
-61204141 (base 7) to base 3
-100120210121121
What is 101101100000011001 (base 2) in base 14?
4bcdb
Convert 68223 (base 16) to base 7.
3424350
1212211002002 (base 3) to base 4
3310030310
What is 11312340 (base 5) in base 11?
71232
Convert -1242100243 (base 5) to base 6.
-150013215
Convert -20110100120 (base 3) to base 14.
-3446c
1cdb (base 15) to base 9
8548
What is 105320203 (base 6) in base 10?
1938891
What is 44888 (base 11) in base 7?
360236
What is -13603 (base 15) in base 8?
-171227
-11000210101 (base 3) to base 8
-232715
-34400661 (base 7) to base 11
-1775604
Convert -41499 (base 11) to base 13.
-216bb
Convert 451544 (base 16) to base 4.
101101111010
Convert -114344541 (base 6) to base 15.
-2cea07
What is 2352432 (base 8) in base 15?
cadd8
What is 1468482 (base 11) in base 5?
1120433313
Convert -172c46 (base 13) to base 10.
-577700
What is -377b (base 14) in base 6?
-112545
What is 33030310 (base 4) in base 15?
136aa
Convert -212690 (base 12) to base 2.
-1111111101001001100
ba716 (base 16) to base 2
10111010011100010110
30a252 (base 12) to base 7
6331526
What is 111232320 (base 5) in base 8?
1702443
Convert -767156 (base 9) to base 7.
-3615054
-10100210122222 (base 3) to base 15
-25485e
cc47 (base 13) to base 15
866b
Convert 27e29d (base 16) to base 8.
11761235
Convert 183373 (base 9) to base 10.
114033
What is -558170 (base 9) in base 15?
-68e86
-4554421 (base 9) to base 4
-21113313301
Convert 10564623 (base 8) to base 11.
1323028
What is 6d4154 (base 14) in base 9?
7026016
Convert 221612 (base 7) to base 10.
39062
What is -3410303 (base 10) in base 15?
-4756d8
Convert -202746 (base 8) to base 3.
-10101222012
-7125 (base 14) to base 9
-28586
What is 2021001141 (base 5) in base 16?
3e3ad8
What is 1204414431 (base 6) in base 8?
64061623
What is 12200211021 (base 3) in base 11?
77284
202103100 (base 5) to base 8
3071631
Convert 44bb7 (base 12) to base 9.
148554
Convert -161655 (base 8) to base 4.
-32032231
What is -13222103 (base 5) in base 12?
-64a0a
What is -22737755 (base 8) in base 13?
-104a79a
Convert 1013230110 (base 4) to base 10.
293652
Convert -306226 (base 8) to base 6.
-2102010
What is 21513445 (base 6) in base 9?
1186212
112221201 (base 3) to base 14
3d88
What is 2433212433 (base 5) in base 6?
323221523
Convert 402978 (base 11) to base 9.
1186844
636aa4 (base 11) to base 5
230111124
What is -1201200 (base 5) in base 3?
-1010020200
What is -111010111101100011 (base 2) in base 7?
-2024050
What is -92b60a (base 13) in base 9?
-6387688
20021102202 (base 3) to base 13
442b5
What is -11001010011001110001010 (base 2) in base 14?
-c4905c
-b114cd (base 14) to base 10
-5958189
What is 94760 (base 14) in base 5?
42430201
What is 36641410 (base 7) in base 10?
3287515
3205387 (base 9) to base 5
414411023
-170888 (base 9) to base 5
-11340304
What is -10011001001 (base 3) in base 5?
-3440433
21000120222201 (base 3) to base 16
38f11f
473944 (base 10) to base 8
1635530
-b2d62 (base 14) to base 2
-1101001001001101010
-27932a (base 12) to base 7
-5412541
Convert -581343 (base 9) to base 11.
-219020
Convert 370b4 (base 15) to base 9.
286867
What is 16932cc (base 13) in base 11?
4149726
What is -a8bb0 (base 16) in base 9?
-1263031
-74831 (base 11) to base 2
-11010100100001101
Convert 2039 (base 10) to base 13.
c0b
Convert 1002043412 (base 5) to base 16.
1e531d
Convert 11110011100101100001 (base 2) to base 13.
28c195
What is 5415450 (base 8) in base 4?
11201230220
Convert -342803 (base 9) to base 12.
-9ab10
-232102322 (base 4) to base 10
-189626
ac1db3 (base 15) to base 4
13310